726 is divided by 14?
12
Calculate the remainder when 2532 is divided by 214.
178
What is the remainder when 134268 is divided by 168?
36
What is the remainder when 139717 is divided by 5821?
13
Calculate the remainder when 1446457 is divided by 32.
25
What is the remainder when 51325 is divided by 258?
241
Calculate the remainder when 12947 is divided by 387.
176
What is the remainder when 5841 is divided by 382?
111
Calculate the remainder when 605729 is divided by 183.
182
Calculate the remainder when 20144 is divided by 609.
47
Calculate the remainder when 40246 is divided by 317.
304
Calculate the remainder when 8525 is divided by 712.
693
What is the remainder when 2016 is divided by 1975?
41
Calculate the remainder when 169432 is divided by 35.
32
What is the remainder when 7847 is divided by 3743?
361
Calculate the remainder when 2646 is divided by 1237.
172
Calculate the remainder when 10003 is divided by 196.
7
What is the remainder when 184524 is divided by 33?
21
Calculate the remainder when 231940 is divided by 532.
520
Calculate the remainder when 45591 is divided by 25.
16
What is the remainder when 223046 is divided by 297?
296
What is the remainder when 15308 is divided by 443?
246
What is the remainder when 538944 is divided by 45?
24
Calculate the remainder when 1314 is divided by 167.
145
Calculate the remainder when 370627 is divided by 189.
187
What is the remainder when 399006 is divided by 507?
504
Calculate the remainder when 4451 is divided by 4403.
48
What is the remainder when 11437 is divided by 3769?
130
Calculate the remainder when 10149 is divided by 72.
69
Calculate the remainder when 1136 is divided by 139.
24
What is the remainder when 93904 is divided by 326?
16
What is the remainder when 3347 is divided by 696?
563
What is the remainder when 68149 is divided by 16978?
237
Calculate the remainder when 54370 is divided by 159.
151
Calculate the remainder when 219552 is divided by 4390.
52
What is the remainder when 24672 is divided by 168?
144
What is the remainder when 68300 is divided by 13657?
15
What is the remainder when 67337 is divided by 18?
17
Calculate the remainder when 1173817 is divided by 76.
73
Calculate the remainder when 11532 is divided by 1856.
396
Calculate the remainder when 30532 is divided by 6090.
82
What is the remainder when 818523 is divided by 351?
342
Calculate the remainder when 11438 is divided by 2852.
30
Calculate the remainder when 40897 is divided by 161.
3
What is the remainder when 60715 is divided by 110?
105
Calculate the remainder when 24840 is divided by 3548.
4
Calculate the remainder when 237835 is divided by 32.
11
Calculate the remainder when 15378 is divided by 7689.
0
What is the remainder when 6387481 is divided by 13?
9
Calculate the remainder when 2663 is divided by 242.
1
What is the remainder when 877 is divided by 570?
307
What is the remainder when 16212 is divided by 198?
174
Calculate the remainder when 77568 is divided by 4847.
16
What is the remainder when 310876 is divided by 623?
622
Calculate the remainder when 4811 is divided by 40.
11
What is the remainder when 1177 is divided by 571?
35
Calculate the remainder when 1887 is divided by 25.
12
Calculate the remainder when 202561 is divided by 329.
226
What is the remainder when 3977 is divided by 117?
116
Calculate the remainder when 32802 is divided by 45.
42
Calculate the remainder when 20533 is divided by 348.
1
What is the remainder when 11320 is divided by 268?
64
Calculate the remainder when 14691 is divided by 19.
4
Calculate the remainder when 7873 is divided by 109.
25
What is the remainder when 697 is divided by 254?
189
What is the remainder when 141988 is divided by 2058?
2044
What is the remainder when 3106 is divided by 279?
37
What is the remainder when 16764 is divided by 316?
16
Calculate the remainder when 2819 is divided by 403.
401
What is the remainder when 986 is divided by 178?
96
Calculate the remainder when 820 is divided by 261.
37
Calculate the remainder when 8260 is divided by 4072.
116
What is the remainder when 3040 is divided by 1489?
62
Calculate the remainder when 4197 is divided by 28.
25
What is the remainder when 218377 is divided by 41?
11
Calculate the remainder when 9303 is divided by 25.
3
Calculate the remainder when 15522 is divided by 7689.
144
Calculate the remainder when 2550 is divided by 25.
0
What is the remainder when 1327 is divided by 1052?
275
Calculate the remainder when 126634 is divided by 31.
30
Calculate the remainder when 19401 is divided by 33.
30
What is the remainder when 8051 is divided by 191?
29
Calculate the remainder when 69656 is divided by 3665.
21
Calculate the remainder when 281608 is divided by 13409.
19
What is the remainder when 6139 is divided by 208?
107
Calculate the remainder when 8478 is divided by 337.
53
Calculate the remainder when 156985 is divided by 3567.
37
Calculate the remainder when 2374 is divided by 142.
102
Calculate the remainder when 169161 is divided by 1113.
1098
Calculate the remainder when 6406 is divided by 5894.
512
What is the remainder when 4273 is divided by 1366?
175
What is the remainder when 270764 is divided by 967?
4
What is the remainder when 1223786 is divided by 714?
704
Calculate the remainder when 1146 is divided by 927.
219
What is the remainder when 3167 is divided by 1304?
559
Calculate the remainder when 12850 is divided by 2564.
30
What is the remainder when 136010 is divided by 24?
2
Calculate the remainder when 413 is divided by 147.
119
Calculate the remainder when 64923 is divided by 177.
141
Calculate the remainder when 157875 is divided by 98.
95
Calculate the remainder when 5685 is divided by 1597.
894
Calculate the remainder when 63904 is divided by 2778.
10
Calculate the remainder when 13827 is divided by 44.
11
What is the remainder when 7157 is divided by 1178?
89
Calculate the remainder when 219303 is divided by 109642.
19
What is the remainder when 1004 is divided by 155?
74
Calculate the remainder when 2339 is divided by 291.
11
Calculate the remainder when 19313 is divided by 3862.
3
Calculate the remainder when 12708 is divided by 40.
28
What is the remainder when 21445 is divided by 61?
34
Calculate the remainder when 1407103 is divided by 281419.
8
Calculate the remainder when 5643 is divided by 41.
26
What is the remainder when 43927 is divided by 1211?
331
Calculate the remainder when 595572 is divided by 13.
3
Calculate the remainder when 38719 is divided by 490.
9
What is the remainder when 113910 is divided by 40?
30
What is the remainder when 69741 is divided by 24?
21
What is the remainder when 491 is divided by 469?
22
What is the remainder when 821993 is divided by 40?
33
Calculate the remainder when 21702 is divided by 1085.
2
What is the remainder when 11409 is divided by 175?
34
What is the remainder when 3076 is divided by 3042?
34
Calculate the remainder when 78697 is divided by 265.
257
What is the remainder when 32714 is divided by 6?
2
What is the remainder when 953 is divided by 786?
167
Calculate the remainder when 3966 is divided by 767.
131
What is the remainder when 4989985 is divided by 1679?
1676
Calculate the remainder when 58095 is divided by 224.
79
What is the remainder when 361285 is divided by 2737?
1
Calculate the remainder when 5074 is divided by 24.
10
What is the remainder when 18768 is divided by 298?
292
Calculate the remainder when 29758 is divided by 148.
10
Calculate the remainder when 372 is divided by 15.
12
What is the remainder when 8224 is divided by 2718?
70
Calculate the remainder when 25922 is divided by 13.
0
What is the remainder when 101706 is divided by 33899?
9
What is the remainder when 689938 is divided by 27?
7
What is the remainder when 3850 is divided by 399?
259
Calculate the remainder when 1822469 is divided by 30.
29
Calculate the remainder when 311982 is divided by 34.
32
What is the remainder when 80133 is divided by 267?
33
Calculate the remainder when 1339 is divided by 163.
35
Calculate the remainder when 1705 is divided by 678.
349
What is the remainder when 19754 is divided by 74?
70
What is the remainder when 78597 is divided by 2183?
9
What is the remainder when 28862 is divided by 115?
112
Wha